{"id":2,"date":"2016-05-08T16:11:02","date_gmt":"2016-05-08T15:11:02","guid":{"rendered":"http:\/\/crwydro.co.uk\/crwydro-c\/?page_id=2"},"modified":"2023-04-13T16:48:28","modified_gmt":"2023-04-13T15:48:28","slug":"sample-page","status":"publish","type":"page","link":"http:\/\/crwydro.co.uk\/crwydro-c\/?page_id=2","title":{"rendered":"Beicio"},"content":{"rendered":"<p>Nid ardal i ruthro drwyddi yw Ll\u0177n ac Eifionydd a pa ffordd well o fwynhau&#8217;r fro nag yn hamddenol ar gefn beic. Fyddwch chi byth ymhell o&#8217;r m\u00f4r na&#8217;r mynyddoedd er mai bryniau ydynt mewn gwirionedd. Dilynwch y lonydd culion tawel, gyda&#8217;r cloddiau o bobtu yn llawn o flodau yn eu tymor &#8211; briallu, blodyn neidr, bysedd y c\u0175n, bwtsias y g\u00f4g, gwyddfid, brenhines y weirglodd. Er mai ardal gymharol ddi-goed ydyw cewch eich cysgodi gan ddrain gwynion a duon, eithin a banadl sydd yn tyfu ar y gwrychoedd. Yn Eifionydd mae&#8217;r griafolen gyda&#8217;i aeron oren yn amlwg iawn. Ynn, derw, llwyfen a masarn yw&#8217;r coed mwyaf.<\/p>\n<hr \/>\n<div id=\"ctl13_ctl06_divOuter\" class=\"padding_bottom_moduleouter\">\n<div id=\"ctl13_ctl06_divInner\" class=\"padding_bottom_moduleinner\">\n<table style=\"height: 321px;\" border=\"0\" width=\"840\" cellspacing=\"0\" cellpadding=\"0\">\n<tbody>\n<tr valign=\"top\">\n<td>\n<h3 style=\"text-align: left;\"><strong>Taith Mynydd Yr Ystum<\/strong><\/h3>\n<p>Cychwyn a Gorffen: Canol pentref Aberdaron<br \/>Parcio: Canol pentref Aberdaron<br \/>Hyd y Daith: 30 Km &#8211; 19 milltir<br \/>Amser: 2 &#8211; 3 awr<br \/>Trafnidiaeth Gyhoeddus Agosaf: Rheilffordd: Pwllheli<br \/>O Ddrws i Ddrws : 01758 721777<br \/>Gwasanaethau agosaf ar gyfer beicwyr:<br \/>Beics Berno<br \/>Partiau a thrwsio &#8211; Ll\u0177n Cycle Centre, Yr Ala, Pwllheli, 01758 612414.<\/p>\n<\/td>\n<td>\n<p style=\"text-align: center;\"><a title=\"Taith Mynydd Yr Ystum Route\" href=\"http:\/\/crwydro.co.uk\/crwydro-c\/?page_id=240\" rel=\"noopener\">Taith Mynydd Yr Ystum pdf<\/a><\/p>\n<p style=\"text-align: center;\"><img decoding=\"async\" loading=\"lazy\" class=\"size-full wp-image-220 alignnone\" src=\"http:\/\/crwydro.co.uk\/crwydro-c\/wp-content\/uploads\/2023\/04\/ystym-bach.png\" alt=\"\" width=\"300\" height=\"180\" \/><\/p>\n<\/td>\n<\/tr>\n<\/tbody>\n<\/table>\n<p>Ar ran gyntaf y daith, o Aberdaron ac ar hyd yr arfordir, byddwch yn dilyn Ffordd y Pererinion a redai o Glynnog Fawr i Ynys Enlli. Yn Eglwys Hywyn Sant mae dwy garreg fedd o&#8217;r 6ed Ganrif ac yn Y Gegin Fawr, sy&#8217;n gaffi poblogaidd, y gorffwysai&#8217;r pererinion cyn mentro ar draws y Swnt stormus. Mae hanes yn glynu yn dynn ym mhendraw Ll\u0177n. Ewch heibio i gromlech, maen hir a ffatri arfau Oes y Cerrig, a bydd modd galw yn yr eglwys dawel a hardd yn Llangwnnadl &#8211; cyrchfan arall i&#8217;r seintiau.<\/p>\n<p>Am fap a manylion y daith : <a title=\"Taith Mynydd Yr Ystum Route\" href=\"http:\/\/crwydro.co.uk\/crwydro-c\/?page_id=240\" rel=\"noopener\">Taith Mynydd Yr Ystum<\/a><\/p>\n<hr \/><\/div>\n<\/div>\n<div id=\"ctl13_ctl07_divOuter\" class=\"padding_bottom_moduleouter\">\n<div id=\"ctl13_ctl07_divInner\" class=\"padding_bottom_moduleinner\">\n<table style=\"height: 333px;\" border=\"0\" width=\"842\" cellspacing=\"0\" cellpadding=\"0\">\n<tbody>\n<tr valign=\"top\">\n<td>\n<h3><strong>Taith Garn Fadryn<\/strong><\/h3>\n<p>Cychwyn a Gorffen: Canolfan Dwristiaeth Abersoch<br \/>Parcio: ger y Neuadd<br \/>Hyd y Daith: 43Km &#8211; 27 milltir<br \/>Amser: 3-4 awr<br \/>Trafnidiaeth Gyhoeddus Agosaf: Rheilffordd: Pwllheli<br \/>O Ddrws i Ddrws : 01758 721777<br \/>Gwasanaethau agosaf ar gyfer beicwyr:<br \/>Beics Berno<br \/>Partiau a thrwsio &#8211; Ll\u0177n Cycle Centre, Yr Ala, Pwllheli, 01758 612414.<\/p>\n<\/td>\n<td>\n<p style=\"text-align: center;\"><a title=\"Taith Garn Fadryn Route\" href=\"http:\/\/crwydro.co.uk\/crwydro-c\/?page_id=272\" rel=\"noopener\">Taith Garn Fadryn pdf<\/a><img decoding=\"async\" loading=\"lazy\" class=\"size-full wp-image-219 aligncenter\" src=\"http:\/\/crwydro.co.uk\/crwydro-c\/wp-content\/uploads\/2023\/04\/fadryn-bach.png\" alt=\"\" width=\"300\" height=\"180\" \/><\/p>\n<\/td>\n<\/tr>\n<\/tbody>\n<\/table>\n<p>Wrth ddringo o Abersoch i Fynytho fe welwch Garn Fadryn o&#8217;ch blaenau, ac ar y chwith bydd Porth Neigwl, Ynys Enlli a Mynydd y Rhiw. Yn y safle picnic yng nghysgod Y Foel Gron, Mynytho, cewch fwynhau golygfeydd ysblennydd dros Fae Ceredigion ac at fynyddoedd Meirionnydd. Mae&#8217;r Ynysoedd Tudwal yn gorwedd yn dawel yng nghanol prysurdeb Bae Abersoch.<\/p>\n<p>Am fap a manylion y daith : <a title=\"Taith Garn Fadryn Route\" href=\"http:\/\/crwydro.co.uk\/crwydro-c\/?page_id=272\" rel=\"noopener\">Taith Garn Fadryn\u00a0<\/a><\/p>\n<hr \/><\/div>\n<\/div>\n<div id=\"ctl13_ctl08_divOuter\" class=\"padding_bottom_moduleouter\">\n<div id=\"ctl13_ctl08_divInner\" class=\"padding_bottom_moduleinner\">\n<table style=\"height: 405px;\" border=\"0\" width=\"840\" cellspacing=\"0\" cellpadding=\"0\">\n<tbody>\n<tr valign=\"top\">\n<td>\n<h3><strong>Taith Garn Boduan<\/strong><\/h3>\n<p>Cychwyn a Gorffen: Y Groes, Nefyn<br \/>Parcio: Stryd y Plas, Nefyn<br \/>Hyd y Daith: 27 Km &#8211; 17 milltir<br \/>Amser: 2 &#8211; 3 awr<br \/>Trafnidiaeth Gyhoeddus Agosaf: Rheilffordd: Pwllheli<br \/>O Ddrws i Ddrws : 01758 721777<br \/>Gwasanaethau agosaf ar gyfer beicwyr:<br \/>Beics Berno<br \/>Partiau a thrwsio &#8211; Ll\u0177n Cycle Centre, Yr Ala, Pwllheli. Ffon: 01758 612414.<\/p>\n<\/td>\n<td>\n<div>\n<div style=\"text-align: center;\"><a href=\"http:\/\/crwydro.co.uk\/crwydro-c\/?page_id=256\">Taith Garn Boduan pdf<\/a><\/div>\n<div><img decoding=\"async\" loading=\"lazy\" class=\"size-full wp-image-217 alignnone\" src=\"http:\/\/crwydro.co.uk\/crwydro-c\/wp-content\/uploads\/2023\/04\/boduan-bach.png\" alt=\"\" width=\"300\" height=\"180\" \/><\/div>\n<\/div>\n<\/td>\n<\/tr>\n<\/tbody>\n<\/table>\n<p>Mae Nefyn yn dref arbennig a dderbyniodd er siarter gan y Tywysog Du ym 1355. Mae iddi hanes llawn rhamant. Bu yn enwog am ei phenwaig a gwelir y tri phennog ar arfbais y dref. Ceir Amgueddfa Forwrol yn yr hen eglwys. Wrth ddringo&#8217;r allt i fyny at Fynydd Nefyn edrychwch yn \u00f4l ar yr olygfa ysblennydd o Faeau Nefyn a Phorthdinllaen. Bu&#8217;r ddau fae yn enwog am adeiladu llongau ac yn borthladdoedd llongau hwyliau prysur. Tri chopa&#8217;r Eifl sydd i&#8217;w gweld ar y chwith.<\/p>\n<p>Am fap a manylion y daith: <a title=\"Taith Garn Boduan \" href=\"http:\/\/crwydro.co.uk\/crwydro-c\/?page_id=256\" rel=\"noopener\">Taith Garn Boduan<\/a><\/p>\n<hr \/><\/div>\n<\/div>\n\n\n<div class=\"wp-block-columns is-layout-flex wp-container-3\">\n<div class=\"wp-block-column is-layout-flow\" style=\"flex-basis:66.66%\">\n<p><strong>Taith Garn Bentyrch<\/strong><br><br>Cychwyn a Gorffen:  Maes Parcio gyferbyn a Madryn Arms, Chwilog<br>Parcio: Gyferbyn a Madryn Arms, Chwilog<br>Hyd y Daith:  22 Km &#8211; 14 milltir<br>Amser: 2-2\u00bdawr<br>Trafnidiaeth Gyhoeddus Agosaf: Rheilffordd: Pwllheli<br>O Ddrws i Ddrws : 01758 721777<br>Gwasanaethau agosaf ar gyfer beicwyr:<br>Beics Berno<br>Partiau a thrwsio &#8211; Ll\u0177n Cycle Centre, Yr Ala, Pwllheli. Ffon: 01758 612414.<\/p>\n<\/div>\n\n\n\n<div class=\"wp-block-column is-layout-flow\" style=\"flex-basis:33.33%\">\n<p class=\"has-text-align-center\"><a href=\"http:\/\/crwydro.co.uk\/crwydro-c\/?page_id=304\">Taith Garn Bentyrch pdf<\/a><\/p>\n\n\n\n<p><img decoding=\"async\" loading=\"lazy\" width=\"300\" height=\"180\" src=\"http:\/\/crwydro.co.uk\/crwydro-c\/wp-content\/uploads\/2023\/04\/bentyrch-bach.png\" alt=\"\"><\/p>\n<\/div>\n<\/div>\n\n\n\n<p>Dyma daith hamddenol gyda&#8217;r ffordd yn bur wastad trwy ganol Eifionydd, &#8216;y tawel gwmwd hwn&#8217;.<br>Un o nodweddion enwocaf yr ardal ydi&#8217;r L\u00f4n Goed sy&#8217;n ymestyn i&#8217;r gogledd o Afonwen yng nghyffiniau Chwilog hyd at ardal Brynengan ar lethrau Mynydd Cennin. Plannwyd ei choed derw a ffawydd yn nechrau&#8217;r G19 i wasanaethu ffermydd stad Talhenbont, a phery hyd heddiw yn daith gerdded ddifyr. <br>Ger fferm Betws Fawr byddwch yn croesi&#8217;r L\u00f4n Goed am y tro cyntaf ac yn ymuno a L\u00f4n Las Cymru (Taith 8) cyn i honno wahanu ac ymuno yn y man a L\u00f4n Eifion.<br><\/p>\n\n\n\n<p><\/p>\n\n\n\n<hr class=\"wp-block-separator has-alpha-channel-opacity\"\/>\n\n\n\n<h2 class=\"wp-block-heading\">Sustrans a\u2019r Rhwydwaith Beicio Cenedlaethol<\/h2>\n\n\n\n<p>Mae Penrhyn Ll\u0177n yn ffurfio rhan o\u2019r Rhwydwaith Beicio Cenedlaethol, dros 14,00 miltir o lwybrau cerdded a beicio di-draffig, lonydd tawel ac adrannau ar y ffordd ledled y DU. Cydlynir y Rhwydwaith gan <a href=\"https:\/\/www.sustrans.org.uk\/our-blog\/projects\/2019\/wales\/free-leaflets-and-maps-for-wales\/taflenni-a-mapiau-am-ddim-i-gymru\/\" target=\"_blank\" rel=\"noreferrer noopener\">Sustrans<\/a>, yr elusen sy\u2019n galluogi pobl i deithio ar droed, beic neu drafnidiaeth gyhoeddus ar gyfer rhagor o\u2019r siwrneiau a wnawn bob dydd. Mae gwaith Sustrans yn ei gwneud hi\u2019n bosibl i bobl ddewis siwrneiau iachach, glanach a rhatach gyda gwell lleoedd a gofodau i symud drwyddynt abyw ynddynt.<\/p>\n\n\n\n<div class=\"wp-block-file\"><object class=\"wp-block-file__embed\" data=\"http:\/\/crwydro.co.uk\/crwydro-c\/wp-content\/uploads\/2023\/04\/llyn-leaflet-web-2015.pdf\" type=\"application\/pdf\" style=\"width:100%;height:600px\" aria-label=\"Mewnblaniad taflen Sustrans - Ll\u0177n\"><\/object><a id=\"wp-block-file--media-db004d20-88eb-41f2-94b2-00f58c48d3df\" href=\"http:\/\/crwydro.co.uk\/crwydro-c\/wp-content\/uploads\/2023\/04\/llyn-leaflet-web-2015.pdf\">taflen Sustrans &#8211; Ll\u0177n<\/a><a href=\"http:\/\/crwydro.co.uk\/crwydro-c\/wp-content\/uploads\/2023\/04\/llyn-leaflet-web-2015.pdf\" class=\"wp-block-file__button wp-element-button\" download aria-describedby=\"wp-block-file--media-db004d20-88eb-41f2-94b2-00f58c48d3df\">lawrlwytho<\/a><\/div>\n\n\n\n<p><\/p>\n","protected":false},"excerpt":{"rendered":"<p>Nid ardal i ruthro drwyddi yw Ll\u0177n ac Eifionydd a pa ffordd well o fwynhau&#8217;r fro nag yn hamddenol ar gefn beic. Fyddwch chi byth ymhell o&#8217;r m\u00f4r na&#8217;r mynyddoedd er mai bryniau ydynt mewn gwirionedd. Dilynwch y lonydd culion tawel, gyda&#8217;r cloddiau o bobtu yn llawn o flodau yn [&hellip;]<\/p>\n","protected":false},"author":1,"featured_media":0,"parent":0,"menu_order":5,"comment_status":"closed","ping_status":"open","template":"","meta":{"_mi_skip_tracking":false},"aioseo_notices":[],"_links":{"self":[{"href":"http:\/\/crwydro.co.uk\/crwydro-c\/index.php?rest_route=\/wp\/v2\/pages\/2"}],"collection":[{"href":"http:\/\/crwydro.co.uk\/crwydro-c\/index.php?rest_route=\/wp\/v2\/pages"}],"about":[{"href":"http:\/\/crwydro.co.uk\/crwydro-c\/index.php?rest_route=\/wp\/v2\/types\/page"}],"author":[{"embeddable":true,"href":"http:\/\/crwydro.co.uk\/crwydro-c\/index.php?rest_route=\/wp\/v2\/users\/1"}],"replies":[{"embeddable":true,"href":"http:\/\/crwydro.co.uk\/crwydro-c\/index.php?rest_route=%2Fwp%2Fv2%2Fcomments&post=2"}],"version-history":[{"count":36,"href":"http:\/\/crwydro.co.uk\/crwydro-c\/index.php?rest_route=\/wp\/v2\/pages\/2\/revisions"}],"predecessor-version":[{"id":332,"href":"http:\/\/crwydro.co.uk\/crwydro-c\/index.php?rest_route=\/wp\/v2\/pages\/2\/revisions\/332"}],"wp:attachment":[{"href":"http:\/\/crwydro.co.uk\/crwydro-c\/index.php?rest_route=%2Fwp%2Fv2%2Fmedia&parent=2"}],"curies":[{"name":"wp","href":"https:\/\/api.w.org\/{rel}","templated":true}]}}